{"id":74658,"date":"2021-05-07T14:35:00","date_gmt":"2021-05-07T19:35:00","guid":{"rendered":"https:\/\/imco.org.mx\/monitor\/?page_id=74658"},"modified":"2022-04-04T13:20:41","modified_gmt":"2022-04-04T18:20:41","slug":"comercio-exterior","status":"publish","type":"page","link":"https:\/\/imco.org.mx\/monitor\/comercio-exterior\/","title":{"rendered":"Comercio exterior"},"content":{"rendered":"\n\n\n\n\n<p><strong>*NOTA: La visualizaci\u00f3n de este sitio en celular puede ser lenta o no cargar. Te recomendamos hacerlo desde una computadora con navegador Google Chrome o Mozilla Firefox.<\/strong><\/p>\n\n\n\n<pre class=\"wp-block-preformatted\"><div class=\"google-data-studio-big visible-xs\">\n<p style=\"text-align: center;\"><iframe loading=\"lazy\" style=\"border: 0;\" src=\"https:\/\/datastudio.google.com\/embed\/reporting\/57900fad-b664-41a0-9613-9b99cfbc7e59\/page\/Fsy8B\" width=\"600\" height=\"450\" frameborder=\"0\" allowfullscreen=\"allowfullscreen\"><\/iframe><\/p>\n<\/div><\/pre>\n\n\n\n<pre class=\"wp-block-preformatted\"><div class=\"google-data-studio-big visible-xs\">\n<p style=\"text-align: center;\"><iframe loading=\"lazy\" style=\"border: 0;\" src=\"https:\/\/datastudio.google.com\/embed\/reporting\/defa3f9f-8d8f-4425-bde5-11967b8df9e6\/page\/jYu7B\" width=\"600\" height=\"450\" frameborder=\"0\" allowfullscreen=\"allowfullscreen\"><\/iframe><\/p>\n<\/div><\/pre>\n\n\n\n<pre class=\"wp-block-preformatted\"><div class=\"google-data-studio-big visible-xs\">\n<p style=\"text-align: center;\"><iframe loading=\"lazy\" style=\"border: 0;\" src=\"https:\/\/datastudio.google.com\/embed\/reporting\/86bd61ac-d79c-41d5-9dad-3d585afc1dc6\/page\/7c67B\" width=\"600\" height=\"450\" frameborder=\"0\" allowfullscreen=\"allowfullscreen\"><\/iframe><\/p>\n<\/div><\/pre>\n\n\n\n<pre class=\"wp-block-preformatted\"><div class=\"google-data-studio-big visible-xs\">\n<p style=\"text-align: center;\"><iframe loading=\"lazy\" style=\"border: 0;\" src=\"https:\/\/datastudio.google.com\/embed\/reporting\/81b00a96-02cc-45a3-83a7-6c6844165d80\/page\/yStCC\" width=\"600\" height=\"450\" frameborder=\"0\" allowfullscreen=\"allowfullscreen\"><\/iframe><\/p>\n<\/div><\/pre>\n\n\n\n<pre class=\"wp-block-preformatted\"><div class=\"google-data-studio-big visible-xs\">\n<p style=\"text-align: center;\"><iframe loading=\"lazy\" style=\"border: 0;\" src=\"https:\/\/datastudio.google.com\/embed\/reporting\/dcfa9257-f1a4-4ae7-8254-bcae49f4e290\/page\/xCj8B\" width=\"600\" height=\"450\" frameborder=\"0\" allowfullscreen=\"allowfullscreen\"><\/iframe><\/p>\n<\/div><\/pre>\n\n\n\n<pre class=\"wp-block-preformatted\"><div class=\"google-data-studio-big visible-xs\">\n<p style=\"text-align: center;\"><iframe loading=\"lazy\" style=\"border: 0;\" src=\"https:\/\/datastudio.google.com\/embed\/reporting\/d2b94186-40db-43fa-9a18-33f9cc4a9f34\/page\/v587B\" width=\"600\" height=\"450\" frameborder=\"0\" allowfullscreen=\"allowfullscreen\"><\/iframe><\/p>\n<\/div><\/pre>\n","protected":false},"excerpt":{"rendered":"<p>*NOTA: La visualizaci\u00f3n de este sitio en celular puede ser lenta o no cargar. Te recomendamos hacerlo desde una computadora con navegador Google Chrome o Mozilla Firefox.<\/p>\n","protected":false},"author":1,"featured_media":74668,"parent":0,"menu_order":0,"comment_status":"closed","ping_status":"closed","template":"templates\/template_comext1.php","meta":{"inline_featured_image":false,"_monsterinsights_skip_tracking":false,"_monsterinsights_sitenote_active":false,"_monsterinsights_sitenote_note":"","_monsterinsights_sitenote_category":0,"footnotes":""},"class_list":["post-74658","page","type-page","status-publish","has-post-thumbnail","hentry"],"yoast_head":"<!-- This site is optimized with the Yoast SEO plugin v25.9 - https:\/\/yoast.com\/wordpress\/plugins\/seo\/ -->\n<title>Comercio exterior - Monitor<\/title>\n<meta name=\"description\" content=\"El IMCO cre\u00f3 este micrositio en el que se analizan los flujos comerciales entre M\u00e9xico y distintos pa\u00edses y territorios del mundo.\" \/>\n<meta name=\"robots\" content=\"index, follow, max-snippet:-1, max-image-preview:large, max-video-preview:-1\" \/>\n<link rel=\"canonical\" href=\"https:\/\/imco.org.mx\/monitor\/comercio-exterior\/\" \/>\n<meta property=\"og:locale\" content=\"es_MX\" \/>\n<meta property=\"og:type\" content=\"article\" \/>\n<meta property=\"og:title\" content=\"Monitor de comercio exterior\" \/>\n<meta property=\"og:description\" content=\"El comercio exterior es uno de los principales motores de la econom\u00eda mexicana. Para facilitar el seguimiento de distintos indicadores relacionados con el comercio internacional, el Instituto Mexicano para la Competitividad (IMCO) cre\u00f3 este micrositio en el que se analizan los flujos comerciales entre M\u00e9xico y distintos pa\u00edses y territorios del mundo.\" \/>\n<meta property=\"og:url\" content=\"https:\/\/imco.org.mx\/monitor\/comercio-exterior\/\" \/>\n<meta property=\"og:site_name\" content=\"Monitor\" \/>\n<meta property=\"article:modified_time\" content=\"2022-04-04T18:20:41+00:00\" \/>\n<meta property=\"og:image\" content=\"https:\/\/imco.org.mx\/monitor\/wp-content\/uploads\/2021\/05\/FireShot-Capture-135-Monitor-\u2014-Comercio-exterior-imco.org_.mx_.png\" \/>\n\t<meta property=\"og:image:width\" content=\"889\" \/>\n\t<meta property=\"og:image:height\" content=\"775\" \/>\n\t<meta property=\"og:image:type\" content=\"image\/png\" \/>\n<meta name=\"twitter:card\" content=\"summary_large_image\" \/>\n<meta name=\"twitter:title\" content=\"Monitor de comercio exterior\" \/>\n<meta name=\"twitter:description\" content=\"El comercio exterior es uno de los principales motores de la econom\u00eda mexicana. Para facilitar el seguimiento de distintos indicadores relacionados con el comercio internacional, el Instituto Mexicano para la Competitividad (IMCO) cre\u00f3 este micrositio en el que se analizan los flujos comerciales entre M\u00e9xico y distintos pa\u00edses y territorios del mundo.\" \/>\n<meta name=\"twitter:image\" content=\"https:\/\/imco.org.mx\/monitor\/wp-content\/uploads\/2021\/05\/FireShot-Capture-135-Monitor-\u2014-Comercio-exterior-imco.org_.mx_.png\" \/>\n<meta name=\"twitter:label1\" content=\"Tiempo de lectura\" \/>\n\t<meta name=\"twitter:data1\" content=\"1 minuto\" \/>\n<script type=\"application\/ld+json\" class=\"yoast-schema-graph\">{\"@context\":\"https:\/\/schema.org\",\"@graph\":[{\"@type\":\"WebPage\",\"@id\":\"https:\/\/imco.org.mx\/monitor\/comercio-exterior\/\",\"url\":\"https:\/\/imco.org.mx\/monitor\/comercio-exterior\/\",\"name\":\"Comercio exterior - Monitor\",\"isPartOf\":{\"@id\":\"https:\/\/imco.org.mx\/monitor\/#website\"},\"primaryImageOfPage\":{\"@id\":\"https:\/\/imco.org.mx\/monitor\/comercio-exterior\/#primaryimage\"},\"image\":{\"@id\":\"https:\/\/imco.org.mx\/monitor\/comercio-exterior\/#primaryimage\"},\"thumbnailUrl\":\"https:\/\/imco.org.mx\/monitor\/wp-content\/uploads\/2021\/05\/FireShot-Capture-135-Monitor-\u2014-Comercio-exterior-imco.org_.mx_.png\",\"datePublished\":\"2021-05-07T19:35:00+00:00\",\"dateModified\":\"2022-04-04T18:20:41+00:00\",\"description\":\"El IMCO cre\u00f3 este micrositio en el que se analizan los flujos comerciales entre M\u00e9xico y distintos pa\u00edses y territorios del mundo.\",\"breadcrumb\":{\"@id\":\"https:\/\/imco.org.mx\/monitor\/comercio-exterior\/#breadcrumb\"},\"inLanguage\":\"es\",\"potentialAction\":[{\"@type\":\"ReadAction\",\"target\":[\"https:\/\/imco.org.mx\/monitor\/comercio-exterior\/\"]}]},{\"@type\":\"ImageObject\",\"inLanguage\":\"es\",\"@id\":\"https:\/\/imco.org.mx\/monitor\/comercio-exterior\/#primaryimage\",\"url\":\"https:\/\/imco.org.mx\/monitor\/wp-content\/uploads\/2021\/05\/FireShot-Capture-135-Monitor-\u2014-Comercio-exterior-imco.org_.mx_.png\",\"contentUrl\":\"https:\/\/imco.org.mx\/monitor\/wp-content\/uploads\/2021\/05\/FireShot-Capture-135-Monitor-\u2014-Comercio-exterior-imco.org_.mx_.png\",\"width\":889,\"height\":775},{\"@type\":\"BreadcrumbList\",\"@id\":\"https:\/\/imco.org.mx\/monitor\/comercio-exterior\/#breadcrumb\",\"itemListElement\":[{\"@type\":\"ListItem\",\"position\":1,\"name\":\"Inicio\",\"item\":\"https:\/\/imco.org.mx\/monitor\/\"},{\"@type\":\"ListItem\",\"position\":2,\"name\":\"Comercio exterior\"}]},{\"@type\":\"WebSite\",\"@id\":\"https:\/\/imco.org.mx\/monitor\/#website\",\"url\":\"https:\/\/imco.org.mx\/monitor\/\",\"name\":\"Monitor\",\"description\":\"Monitor de competitividad - IMCO\",\"potentialAction\":[{\"@type\":\"SearchAction\",\"target\":{\"@type\":\"EntryPoint\",\"urlTemplate\":\"https:\/\/imco.org.mx\/monitor\/?s={search_term_string}\"},\"query-input\":{\"@type\":\"PropertyValueSpecification\",\"valueRequired\":true,\"valueName\":\"search_term_string\"}}],\"inLanguage\":\"es\"}]}<\/script>\n<!-- \/ Yoast SEO plugin. -->","yoast_head_json":{"title":"Comercio exterior - Monitor","description":"El IMCO cre\u00f3 este micrositio en el que se analizan los flujos comerciales entre M\u00e9xico y distintos pa\u00edses y territorios del mundo.","robots":{"index":"index","follow":"follow","max-snippet":"max-snippet:-1","max-image-preview":"max-image-preview:large","max-video-preview":"max-video-preview:-1"},"canonical":"https:\/\/imco.org.mx\/monitor\/comercio-exterior\/","og_locale":"es_MX","og_type":"article","og_title":"Monitor de comercio exterior","og_description":"El comercio exterior es uno de los principales motores de la econom\u00eda mexicana. Para facilitar el seguimiento de distintos indicadores relacionados con el comercio internacional, el Instituto Mexicano para la Competitividad (IMCO) cre\u00f3 este micrositio en el que se analizan los flujos comerciales entre M\u00e9xico y distintos pa\u00edses y territorios del mundo.","og_url":"https:\/\/imco.org.mx\/monitor\/comercio-exterior\/","og_site_name":"Monitor","article_modified_time":"2022-04-04T18:20:41+00:00","og_image":[{"width":889,"height":775,"url":"https:\/\/imco.org.mx\/monitor\/wp-content\/uploads\/2021\/05\/FireShot-Capture-135-Monitor-\u2014-Comercio-exterior-imco.org_.mx_.png","type":"image\/png"}],"twitter_card":"summary_large_image","twitter_title":"Monitor de comercio exterior","twitter_description":"El comercio exterior es uno de los principales motores de la econom\u00eda mexicana. Para facilitar el seguimiento de distintos indicadores relacionados con el comercio internacional, el Instituto Mexicano para la Competitividad (IMCO) cre\u00f3 este micrositio en el que se analizan los flujos comerciales entre M\u00e9xico y distintos pa\u00edses y territorios del mundo.","twitter_image":"https:\/\/imco.org.mx\/monitor\/wp-content\/uploads\/2021\/05\/FireShot-Capture-135-Monitor-\u2014-Comercio-exterior-imco.org_.mx_.png","twitter_misc":{"Tiempo de lectura":"1 minuto"},"schema":{"@context":"https:\/\/schema.org","@graph":[{"@type":"WebPage","@id":"https:\/\/imco.org.mx\/monitor\/comercio-exterior\/","url":"https:\/\/imco.org.mx\/monitor\/comercio-exterior\/","name":"Comercio exterior - Monitor","isPartOf":{"@id":"https:\/\/imco.org.mx\/monitor\/#website"},"primaryImageOfPage":{"@id":"https:\/\/imco.org.mx\/monitor\/comercio-exterior\/#primaryimage"},"image":{"@id":"https:\/\/imco.org.mx\/monitor\/comercio-exterior\/#primaryimage"},"thumbnailUrl":"https:\/\/imco.org.mx\/monitor\/wp-content\/uploads\/2021\/05\/FireShot-Capture-135-Monitor-\u2014-Comercio-exterior-imco.org_.mx_.png","datePublished":"2021-05-07T19:35:00+00:00","dateModified":"2022-04-04T18:20:41+00:00","description":"El IMCO cre\u00f3 este micrositio en el que se analizan los flujos comerciales entre M\u00e9xico y distintos pa\u00edses y territorios del mundo.","breadcrumb":{"@id":"https:\/\/imco.org.mx\/monitor\/comercio-exterior\/#breadcrumb"},"inLanguage":"es","potentialAction":[{"@type":"ReadAction","target":["https:\/\/imco.org.mx\/monitor\/comercio-exterior\/"]}]},{"@type":"ImageObject","inLanguage":"es","@id":"https:\/\/imco.org.mx\/monitor\/comercio-exterior\/#primaryimage","url":"https:\/\/imco.org.mx\/monitor\/wp-content\/uploads\/2021\/05\/FireShot-Capture-135-Monitor-\u2014-Comercio-exterior-imco.org_.mx_.png","contentUrl":"https:\/\/imco.org.mx\/monitor\/wp-content\/uploads\/2021\/05\/FireShot-Capture-135-Monitor-\u2014-Comercio-exterior-imco.org_.mx_.png","width":889,"height":775},{"@type":"BreadcrumbList","@id":"https:\/\/imco.org.mx\/monitor\/comercio-exterior\/#breadcrumb","itemListElement":[{"@type":"ListItem","position":1,"name":"Inicio","item":"https:\/\/imco.org.mx\/monitor\/"},{"@type":"ListItem","position":2,"name":"Comercio exterior"}]},{"@type":"WebSite","@id":"https:\/\/imco.org.mx\/monitor\/#website","url":"https:\/\/imco.org.mx\/monitor\/","name":"Monitor","description":"Monitor de competitividad - IMCO","potentialAction":[{"@type":"SearchAction","target":{"@type":"EntryPoint","urlTemplate":"https:\/\/imco.org.mx\/monitor\/?s={search_term_string}"},"query-input":{"@type":"PropertyValueSpecification","valueRequired":true,"valueName":"search_term_string"}}],"inLanguage":"es"}]}},"_links":{"self":[{"href":"https:\/\/imco.org.mx\/monitor\/wp-json\/wp\/v2\/pages\/74658","targetHints":{"allow":["GET"]}}],"collection":[{"href":"https:\/\/imco.org.mx\/monitor\/wp-json\/wp\/v2\/pages"}],"about":[{"href":"https:\/\/imco.org.mx\/monitor\/wp-json\/wp\/v2\/types\/page"}],"author":[{"embeddable":true,"href":"https:\/\/imco.org.mx\/monitor\/wp-json\/wp\/v2\/users\/1"}],"replies":[{"embeddable":true,"href":"https:\/\/imco.org.mx\/monitor\/wp-json\/wp\/v2\/comments?post=74658"}],"version-history":[{"count":12,"href":"https:\/\/imco.org.mx\/monitor\/wp-json\/wp\/v2\/pages\/74658\/revisions"}],"predecessor-version":[{"id":74790,"href":"https:\/\/imco.org.mx\/monitor\/wp-json\/wp\/v2\/pages\/74658\/revisions\/74790"}],"wp:featuredmedia":[{"embeddable":true,"href":"https:\/\/imco.org.mx\/monitor\/wp-json\/wp\/v2\/media\/74668"}],"wp:attachment":[{"href":"https:\/\/imco.org.mx\/monitor\/wp-json\/wp\/v2\/media?parent=74658"}],"curies":[{"name":"wp","href":"https:\/\/api.w.org\/{rel}","templated":true}]}}